{"id":13,"date":"2023-04-11T03:00:27","date_gmt":"2023-04-11T00:00:27","guid":{"rendered":"https:\/\/medassigorta.com\/?page_id=13"},"modified":"2024-10-19T04:24:18","modified_gmt":"2024-10-19T01:24:18","slug":"iletisim","status":"publish","type":"page","link":"https:\/\/medassigorta.com\/index.php\/iletisim\/","title":{"rendered":"\u0130LET\u0130\u015e\u0130M"},"content":{"rendered":"\n<h3 class=\"wp-block-heading\"><strong>WhatsApp : <\/strong>0543 466 69 69<strong><br>Mail : <\/strong>info@medassigorta.com<strong><br>Sabit <\/strong>:<strong> <\/strong>0264 614 96 07<\/h3>\n\n\n\n<figure class=\"wp-block-image size-large\"><a href=\"https:\/\/maps.app.goo.gl\/BKssVto3JrZ18Epc7\"><img decoding=\"async\" loading=\"lazy\" width=\"1024\" height=\"347\" src=\"https:\/\/medassigorta.com\/wp-content\/uploads\/2023\/04\/qeqweqwe-1024x347.png\" alt=\"\" class=\"wp-image-204\" srcset=\"https:\/\/medassigorta.com\/wp-content\/uploads\/2023\/04\/qeqweqwe-1024x347.png 1024w, https:\/\/medassigorta.com\/wp-content\/uploads\/2023\/04\/qeqweqwe-300x102.png 300w, https:\/\/medassigorta.com\/wp-content\/uploads\/2023\/04\/qeqweqwe-768x260.png 768w, https:\/\/medassigorta.com\/wp-content\/uploads\/2023\/04\/qeqweqwe-1536x520.png 1536w, https:\/\/medassigorta.com\/wp-content\/uploads\/2023\/04\/qeqweqwe.png 1818w\" sizes=\"(max-width: 1024px) 100vw, 1024px\" \/><\/a><\/figure>\n","protected":false},"excerpt":{"rendered":"<p>WhatsApp : 0543 466 69 69Mail : info@medassigorta.comSabit : 0264 614 96 07<\/p>\n","protected":false},"author":1,"featured_media":0,"parent":0,"menu_order":0,"comment_status":"closed","ping_status":"closed","template":"","meta":{"om_disable_all_campaigns":false,"_monsterinsights_skip_tracking":false,"_monsterinsights_sitenote_active":false,"_monsterinsights_sitenote_note":"","_monsterinsights_sitenote_category":0,"_joinchat":[]},"aioseo_notices":[],"yoast_head":"<!-- This site is optimized with the Yoast SEO plugin v20.5 - https:\/\/yoast.com\/wordpress\/plugins\/seo\/ -->\n<title>\u0130LET\u0130\u015e\u0130M - MEDAS S\u0130GORTA<\/title>\n<meta name=\"robots\" content=\"index, follow, max-snippet:-1, max-image-preview:large, max-video-preview:-1\" \/>\n<link rel=\"canonical\" href=\"https:\/\/medassigorta.com\/index.php\/iletisim\/\" \/>\n<meta property=\"og:locale\" content=\"en_US\" \/>\n<meta property=\"og:type\" content=\"article\" \/>\n<meta property=\"og:title\" content=\"\u0130LET\u0130\u015e\u0130M - MEDAS S\u0130GORTA\" \/>\n<meta property=\"og:description\" content=\"WhatsApp : 0543 466 69 69Mail : info@medassigorta.comSabit : 0264 614 96 07\" \/>\n<meta property=\"og:url\" content=\"https:\/\/medassigorta.com\/index.php\/iletisim\/\" \/>\n<meta property=\"og:site_name\" content=\"MEDAS S\u0130GORTA\" \/>\n<meta property=\"article:modified_time\" content=\"2024-10-19T01:24:18+00:00\" \/>\n<meta property=\"og:image\" content=\"https:\/\/medassigorta.com\/wp-content\/uploads\/2023\/04\/qeqweqwe-1024x347.png\" \/>\n<meta name=\"twitter:card\" content=\"summary_large_image\" \/>\n<meta name=\"twitter:label1\" content=\"Est. reading time\" \/>\n\t<meta name=\"twitter:data1\" content=\"1 minute\" \/>\n<script type=\"application\/ld+json\" class=\"yoast-schema-graph\">{\"@context\":\"https:\/\/schema.org\",\"@graph\":[{\"@type\":\"WebPage\",\"@id\":\"https:\/\/medassigorta.com\/index.php\/iletisim\/\",\"url\":\"https:\/\/medassigorta.com\/index.php\/iletisim\/\",\"name\":\"\u0130LET\u0130\u015e\u0130M - MEDAS S\u0130GORTA\",\"isPartOf\":{\"@id\":\"https:\/\/medassigorta.com\/#website\"},\"datePublished\":\"2023-04-11T00:00:27+00:00\",\"dateModified\":\"2024-10-19T01:24:18+00:00\",\"breadcrumb\":{\"@id\":\"https:\/\/medassigorta.com\/index.php\/iletisim\/#breadcrumb\"},\"inLanguage\":\"en-US\",\"potentialAction\":[{\"@type\":\"ReadAction\",\"target\":[\"https:\/\/medassigorta.com\/index.php\/iletisim\/\"]}]},{\"@type\":\"BreadcrumbList\",\"@id\":\"https:\/\/medassigorta.com\/index.php\/iletisim\/#breadcrumb\",\"itemListElement\":[{\"@type\":\"ListItem\",\"position\":1,\"name\":\"Anasayfa\",\"item\":\"https:\/\/medassigorta.com\/\"},{\"@type\":\"ListItem\",\"position\":2,\"name\":\"\u0130LET\u0130\u015e\u0130M\"}]},{\"@type\":\"WebSite\",\"@id\":\"https:\/\/medassigorta.com\/#website\",\"url\":\"https:\/\/medassigorta.com\/\",\"name\":\"MEDAS S\u0130GORTA\",\"description\":\"\",\"potentialAction\":[{\"@type\":\"SearchAction\",\"target\":{\"@type\":\"EntryPoint\",\"urlTemplate\":\"https:\/\/medassigorta.com\/?s={search_term_string}\"},\"query-input\":\"required name=search_term_string\"}],\"inLanguage\":\"en-US\"}]}<\/script>\n<!-- \/ Yoast SEO plugin. -->","yoast_head_json":{"title":"\u0130LET\u0130\u015e\u0130M - MEDAS S\u0130GORTA","robots":{"index":"index","follow":"follow","max-snippet":"max-snippet:-1","max-image-preview":"max-image-preview:large","max-video-preview":"max-video-preview:-1"},"canonical":"https:\/\/medassigorta.com\/index.php\/iletisim\/","og_locale":"en_US","og_type":"article","og_title":"\u0130LET\u0130\u015e\u0130M - MEDAS S\u0130GORTA","og_description":"WhatsApp : 0543 466 69 69Mail : info@medassigorta.comSabit : 0264 614 96 07","og_url":"https:\/\/medassigorta.com\/index.php\/iletisim\/","og_site_name":"MEDAS S\u0130GORTA","article_modified_time":"2024-10-19T01:24:18+00:00","og_image":[{"url":"https:\/\/medassigorta.com\/wp-content\/uploads\/2023\/04\/qeqweqwe-1024x347.png"}],"twitter_card":"summary_large_image","twitter_misc":{"Est. reading time":"1 minute"},"schema":{"@context":"https:\/\/schema.org","@graph":[{"@type":"WebPage","@id":"https:\/\/medassigorta.com\/index.php\/iletisim\/","url":"https:\/\/medassigorta.com\/index.php\/iletisim\/","name":"\u0130LET\u0130\u015e\u0130M - MEDAS S\u0130GORTA","isPartOf":{"@id":"https:\/\/medassigorta.com\/#website"},"datePublished":"2023-04-11T00:00:27+00:00","dateModified":"2024-10-19T01:24:18+00:00","breadcrumb":{"@id":"https:\/\/medassigorta.com\/index.php\/iletisim\/#breadcrumb"},"inLanguage":"en-US","potentialAction":[{"@type":"ReadAction","target":["https:\/\/medassigorta.com\/index.php\/iletisim\/"]}]},{"@type":"BreadcrumbList","@id":"https:\/\/medassigorta.com\/index.php\/iletisim\/#breadcrumb","itemListElement":[{"@type":"ListItem","position":1,"name":"Anasayfa","item":"https:\/\/medassigorta.com\/"},{"@type":"ListItem","position":2,"name":"\u0130LET\u0130\u015e\u0130M"}]},{"@type":"WebSite","@id":"https:\/\/medassigorta.com\/#website","url":"https:\/\/medassigorta.com\/","name":"MEDAS S\u0130GORTA","description":"","potentialAction":[{"@type":"SearchAction","target":{"@type":"EntryPoint","urlTemplate":"https:\/\/medassigorta.com\/?s={search_term_string}"},"query-input":"required name=search_term_string"}],"inLanguage":"en-US"}]}},"_links":{"self":[{"href":"https:\/\/medassigorta.com\/index.php\/wp-json\/wp\/v2\/pages\/13"}],"collection":[{"href":"https:\/\/medassigorta.com\/index.php\/wp-json\/wp\/v2\/pages"}],"about":[{"href":"https:\/\/medassigorta.com\/index.php\/wp-json\/wp\/v2\/types\/page"}],"author":[{"embeddable":true,"href":"https:\/\/medassigorta.com\/index.php\/wp-json\/wp\/v2\/users\/1"}],"replies":[{"embeddable":true,"href":"https:\/\/medassigorta.com\/index.php\/wp-json\/wp\/v2\/comments?post=13"}],"version-history":[{"count":5,"href":"https:\/\/medassigorta.com\/index.php\/wp-json\/wp\/v2\/pages\/13\/revisions"}],"predecessor-version":[{"id":346,"href":"https:\/\/medassigorta.com\/index.php\/wp-json\/wp\/v2\/pages\/13\/revisions\/346"}],"wp:attachment":[{"href":"https:\/\/medassigorta.com\/index.php\/wp-json\/wp\/v2\/media?parent=13"}],"curies":[{"name":"wp","href":"https:\/\/api.w.org\/{rel}","templated":true}]}}